

{"id":120,"date":"2016-08-11T15:16:32","date_gmt":"2016-08-11T13:16:32","guid":{"rendered":"http:\/\/wp.feuerwehr-holdorf.de\/?page_id=120"},"modified":"2023-07-02T21:29:20","modified_gmt":"2023-07-02T19:29:20","slug":"geraetehaus-ff-holdorf","status":"publish","type":"page","link":"https:\/\/feuerwehr-holdorf.de\/?page_id=120","title":{"rendered":"Ger\u00e4tehaus (FF Holdorf)"},"content":{"rendered":"<p>Das Ger\u00e4tehaus, welches sich Am Lagerweg 35 befindet, wurde im Jahr 2023 von den Kameradinnen und Kameraden bezogen. Dort befinden sich insgesamt acht Tore, von denen sechs f\u00fcr die Unterstellung von Fahrzeugen gedacht sind. Zudem gibt es eine Werkstatt- sowie Waschhalle. Au\u00dferdem haben die F\u00fchrungskr\u00e4fte eigene B\u00fcros, in denen die Verwaltungsaufgaben erledigt werden k\u00f6nnen. Ebenso hat nun auch die Jugendfeuerwehr mit einem eigenen Schulungsraum sowie einer ger\u00e4umigen Umkleide ausreichend Platz.<\/p>\n<p>Anbei eine kleine Bildergalerie vom aktuellen Feuerwehrhaus:<\/p>\nngg_shortcode_0_placeholder\n<p>&nbsp;<\/p>\n<p><span style=\"text-decoration: underline;\"><strong>Lage:<\/strong><\/span><\/p>\n\n        <div id=\"map_ol3js_1\"\n       class=\"osm-map-container undefined\"\n             data-map_name=\"undefined\"\n             data-map=\"map_ol3js_1\"\n             style=\"width:95%;\n                    max-width:100%;\n                    height:450px;\n                    display:block;\n                    overflow:hidden;\n                    border:2px solid grey;\">\n          <div id=\"map_ol3js_1_popup\" class=\"ol-popup\">\n            <a href=\"#\" id=\"map_ol3js_1_popup-closer\" class=\"ol-popup-closer\"><\/a>\n            <div id=\"map_ol3js_1_popup-content\"><\/div>\n          <\/div>\n        <\/div>\n    \n\n\t\t\t\t<script type=\"text\/javascript\">\n\t\t\t\t\ttranslations['openlayer'] = \"open layer\";\n\t\t\t\t\ttranslations['openlayerAtStartup'] = \"open layer at startup\";\n\t\t\t\t\ttranslations['generateLink'] = \"Der Link zur Karte mit ausgew\u00e4hlten Overlays und angezeigtem Ausschnitt\";\n\t\t\t\t\ttranslations['shortDescription'] = \"Kurzbeschreibung\";\n\t\t\t\t\ttranslations['generatedShortCode'] = \"to get a text control link paste this code in your wordpress editor\";\n\t\t\t\t\ttranslations['closeLayer'] = \"close layer\";\n\t\t\t\t\ttranslations['cantGenerateLink'] = \"put this string in the existing map short code to control this map\";\n\t\t\t  <\/script>\n\n\n\t\t\t  <script type=\"text\/javascript\">\n\t\t\t  vectorM['map_ol3js_1'] = [];\n\t        \n        var raster = getTileLayer(\"osm\",\"NoKey\");\t\t\t\n\n\t\t\t  var map_ol3js_1 = new ol.Map({\n\t\t\t\tinteractions: ol.interaction.defaults.defaults({mouseWheelZoom:false}),\n\t\t\t\tlayers: [raster],\n\t\t\t\ttarget: \"map_ol3js_1\",\n\t\t\t\tview: new ol.View({\n\t\t\t\t  center: ol.proj.transform([8.1354,52.5859], \"EPSG:4326\", \"EPSG:3857\"),\n\t\t\t\t  zoom: 15.9\n\t\t\t\t})\n\t\t\t  });\n\t\t\t  osm_addMarkerLayer(map_ol3js_1,8.1392,52.5862,\"https:\/\/feuerwehr-holdorf.de\/wp-content\/plugins\/osm\/icons\/mic_red_pinother_02.png\",-16,-41,\"<p><\/p>\") ; \naddControls2Map(map_ol3js_1,0,0,3,0,5,6,7,0,1);\nosm_addPopupClickhandler(map_ol3js_1,  \"map_ol3js_1\"); \nosm_addMouseHover(map_ol3js_1); <\/script>\n","protected":false},"excerpt":{"rendered":"<p>Das Ger\u00e4tehaus, welches sich Am Lagerweg 35 befindet, wurde im Jahr 2023 von den Kameradinnen und Kameraden bezogen. Dort befinden sich insgesamt acht Tore, von denen sechs f\u00fcr die Unterstellung von Fahrzeugen gedacht sind. Zudem gibt es eine Werkstatt- sowie<\/p>\n","protected":false},"author":2,"featured_media":0,"parent":276,"menu_order":0,"comment_status":"closed","ping_status":"closed","template":"","meta":{"ngg_post_thumbnail":0,"footnotes":""},"class_list":["post-120","page","type-page","status-publish","hentry"],"_links":{"self":[{"href":"https:\/\/feuerwehr-holdorf.de\/index.php?rest_route=\/wp\/v2\/pages\/120","targetHints":{"allow":["GET"]}}],"collection":[{"href":"https:\/\/feuerwehr-holdorf.de\/index.php?rest_route=\/wp\/v2\/pages"}],"about":[{"href":"https:\/\/feuerwehr-holdorf.de\/index.php?rest_route=\/wp\/v2\/types\/page"}],"author":[{"embeddable":true,"href":"https:\/\/feuerwehr-holdorf.de\/index.php?rest_route=\/wp\/v2\/users\/2"}],"replies":[{"embeddable":true,"href":"https:\/\/feuerwehr-holdorf.de\/index.php?rest_route=%2Fwp%2Fv2%2Fcomments&post=120"}],"version-history":[{"count":10,"href":"https:\/\/feuerwehr-holdorf.de\/index.php?rest_route=\/wp\/v2\/pages\/120\/revisions"}],"predecessor-version":[{"id":6525,"href":"https:\/\/feuerwehr-holdorf.de\/index.php?rest_route=\/wp\/v2\/pages\/120\/revisions\/6525"}],"up":[{"embeddable":true,"href":"https:\/\/feuerwehr-holdorf.de\/index.php?rest_route=\/wp\/v2\/pages\/276"}],"wp:attachment":[{"href":"https:\/\/feuerwehr-holdorf.de\/index.php?rest_route=%2Fwp%2Fv2%2Fmedia&parent=120"}],"curies":[{"name":"wp","href":"https:\/\/api.w.org\/{rel}","templated":true}]}}