{"id":149,"date":"2016-08-12T08:41:58","date_gmt":"2016-08-12T06:41:58","guid":{"rendered":"http:\/\/wp.feuerwehr-holdorf.de\/?page_id=149"},"modified":"2025-12-18T21:20:19","modified_gmt":"2025-12-18T20:20:19","slug":"lorse2016","status":"publish","type":"page","link":"https:\/\/feuerwehr-holdorf.de\/?page_id=149","title":{"rendered":"Eins\u00e4tze FF Fladderlohausen 2016"},"content":{"rendered":"\n<table id=\"tablepress-14\" class=\"tablepress tablepress-id-14\">\n<thead>\n<tr class=\"row-1\">\n\t<th class=\"column-1\">Nr.<\/th><th class=\"column-2\">Datum<\/th><th class=\"column-3\">Zeit<\/th><th class=\"column-4\">Art<\/th><th class=\"column-5\">Einsatz<\/th>\n<\/tr>\n<\/thead>\n<tbody class=\"row-striping row-hover\">\n<tr class=\"row-2\">\n\t<td class=\"column-1\">1<\/td><td class=\"column-2\">03.01.16<\/td><td class=\"column-3\">9:45<\/td><td class=\"column-4\">Brand<\/td><td class=\"column-5\">Wohnhausbrand, Gro\u00dfe Eschstrasse (Holdorf)<\/td>\n<\/tr>\n<tr class=\"row-3\">\n\t<td class=\"column-1\">2<\/td><td class=\"column-2\">26.02.16<\/td><td class=\"column-3\">17:30<\/td><td class=\"column-4\">BSW<\/td><td class=\"column-5\">Brandwache, Kohlessen CDU<\/td>\n<\/tr>\n<tr class=\"row-4\">\n\t<td class=\"column-1\">3<\/td><td class=\"column-2\">28.03.16<\/td><td class=\"column-3\">22:45<\/td><td class=\"column-4\">Brand<\/td><td class=\"column-5\">Gro\u00dfbrand bei Wiesenhof, Lohne<\/td>\n<\/tr>\n<tr class=\"row-5\">\n\t<td class=\"column-1\">4<\/td><td class=\"column-2\">19.05.16<\/td><td class=\"column-3\">12:53<\/td><td class=\"column-4\">Brand<\/td><td class=\"column-5\">Schweinestallbrand, Nellinghof (Neuenkirchen)<\/td>\n<\/tr>\n<tr class=\"row-6\">\n\t<td class=\"column-1\">5<\/td><td class=\"column-2\">19.05.16<\/td><td class=\"column-3\">18:32<\/td><td class=\"column-4\">TH<\/td><td class=\"column-5\">Verkehrsunfall mit mehreren verletzten Person, B214 Rtg. Bersenbr\u00fcck<\/td>\n<\/tr>\n<tr class=\"row-7\">\n\t<td class=\"column-1\">6<\/td><td class=\"column-2\">27.05.16<\/td><td class=\"column-3\">20:08<\/td><td class=\"column-4\">TH<\/td><td class=\"column-5\">LKW-Unfall mit eingeklemmter Person \/ Einsatzabbruch<\/td>\n<\/tr>\n<tr class=\"row-8\">\n\t<td class=\"column-1\">7<\/td><td class=\"column-2\">07.06.16<\/td><td class=\"column-3\">18:10<\/td><td class=\"column-4\">TH<\/td><td class=\"column-5\">Unwetter \u00fcber Damme, \u00fcberschwemmte Stra\u00dfen<\/td>\n<\/tr>\n<tr class=\"row-9\">\n\t<td class=\"column-1\">8<\/td><td class=\"column-2\">24.06.16<\/td><td class=\"column-3\">17:32<\/td><td class=\"column-4\">TH<\/td><td class=\"column-5\">mehrere Stra\u00dfen im Ort \u00fcberflutet<\/td>\n<\/tr>\n<tr class=\"row-10\">\n\t<td class=\"column-1\">9<\/td><td class=\"column-2\">25.06.16<\/td><td class=\"column-3\">18:13<\/td><td class=\"column-4\">Brand<\/td><td class=\"column-5\">Brand eines Stromkasten, Steinfelder Damm (Langenberg)<\/td>\n<\/tr>\n<tr class=\"row-11\">\n\t<td class=\"column-1\">10<\/td><td class=\"column-2\">25.06.16<\/td><td class=\"column-3\">22:00<\/td><td class=\"column-4\">BSW<\/td><td class=\"column-5\">Brandwache OFV-Zeltlager, Stoppelmarktgel\u00e4nde<\/td>\n<\/tr>\n<tr class=\"row-12\">\n\t<td class=\"column-1\">11<\/td><td class=\"column-2\">16.07.16<\/td><td class=\"column-3\">18:00<\/td><td class=\"column-4\">TH<\/td><td class=\"column-5\">Amtshilfe Polizei, Absichern Kranzniederlegung<\/td>\n<\/tr>\n<tr class=\"row-13\">\n\t<td class=\"column-1\">12<\/td><td class=\"column-2\">17.07.16<\/td><td class=\"column-3\">13:00<\/td><td class=\"column-4\">TH<\/td><td class=\"column-5\">Amtshilfe Polizei, Absichern Sch\u00fctzenfestumzug<\/td>\n<\/tr>\n<tr class=\"row-14\">\n\t<td class=\"column-1\">13<\/td><td class=\"column-2\">18.07.16<\/td><td class=\"column-3\">13:30<\/td><td class=\"column-4\">TH<\/td><td class=\"column-5\">Amtshilfe Polizei, Absichern Sch\u00fctzenfestumzug<\/td>\n<\/tr>\n<tr class=\"row-15\">\n\t<td class=\"column-1\">14<\/td><td class=\"column-2\">25.07.16<\/td><td class=\"column-3\">17:20<\/td><td class=\"column-4\">TH<\/td><td class=\"column-5\">Verkehrsunfall mit eingeklemmter Person, L852 \/ Fladderlohausen<\/td>\n<\/tr>\n<tr class=\"row-16\">\n\t<td class=\"column-1\">15<\/td><td class=\"column-2\">27.08. - 28.08.16<\/td><td class=\"column-3\">8:00<\/td><td class=\"column-4\">KFB<\/td><td class=\"column-5\"><a href=\"http:\/\/feuerwehr-holdorf.de\/?p=997\">\u00dcbung mit der Kreisfeuerwehr- bereitschaft des Landkreises Vechta, Nordhorn \/ Grafschaft Bad Bentheim<\/a><\/td>\n<\/tr>\n<tr class=\"row-17\">\n\t<td class=\"column-1\">16<\/td><td class=\"column-2\">28.09.16<\/td><td class=\"column-3\">19:30<\/td><td class=\"column-4\">TH<\/td><td class=\"column-5\">Baum auf Stra\u00dfe, Lorser Weg<\/td>\n<\/tr>\n<\/tbody>\n<\/table>\n<!-- #tablepress-14 from cache -->\n<p>&nbsp;<\/p>\n<p><span style=\"font-size: 14pt; text-decoration: underline;\"><em><strong>Erkl\u00e4rung:<br \/>\n<\/strong><\/em><\/span><span style=\"font-size: 14pt;\">BSW = Brandsicherheitswache<br \/>\n<\/span><span style=\"font-size: 14pt;\">Brand = Brandeinsatz<br \/>\n<\/span><span style=\"font-size: 14pt;\">TH = technische Hilfeleistung<br \/>\n<\/span><span style=\"font-size: 14pt;\">Fehl = Fehlalarm<br \/>\n<\/span><span style=\"font-size: 14pt;\">KFB = Einsatz mit der Kreisfeuerwehrbereitschaft<\/span><\/p>\n","protected":false},"excerpt":{"rendered":"<p>&nbsp; Erkl\u00e4rung: BSW = Brandsicherheitswache Brand = Brandeinsatz TH = technische Hilfeleistung Fehl = Fehlalarm KFB = Einsatz mit der Kreisfeuerwehrbereitschaft<\/p>\n","protected":false},"author":2,"featured_media":0,"parent":5437,"menu_order":0,"comment_status":"closed","ping_status":"closed","template":"","meta":{"ngg_post_thumbnail":0,"footnotes":""},"class_list":["post-149","page","type-page","status-publish","hentry"],"_links":{"self":[{"href":"https:\/\/feuerwehr-holdorf.de\/index.php?rest_route=\/wp\/v2\/pages\/149","targetHints":{"allow":["GET"]}}],"collection":[{"href":"https:\/\/feuerwehr-holdorf.de\/index.php?rest_route=\/wp\/v2\/pages"}],"about":[{"href":"https:\/\/feuerwehr-holdorf.de\/index.php?rest_route=\/wp\/v2\/types\/page"}],"author":[{"embeddable":true,"href":"https:\/\/feuerwehr-holdorf.de\/index.php?rest_route=\/wp\/v2\/users\/2"}],"replies":[{"embeddable":true,"href":"https:\/\/feuerwehr-holdorf.de\/index.php?rest_route=%2Fwp%2Fv2%2Fcomments&post=149"}],"version-history":[{"count":4,"href":"https:\/\/feuerwehr-holdorf.de\/index.php?rest_route=\/wp\/v2\/pages\/149\/revisions"}],"predecessor-version":[{"id":4091,"href":"https:\/\/feuerwehr-holdorf.de\/index.php?rest_route=\/wp\/v2\/pages\/149\/revisions\/4091"}],"up":[{"embeddable":true,"href":"https:\/\/feuerwehr-holdorf.de\/index.php?rest_route=\/wp\/v2\/pages\/5437"}],"wp:attachment":[{"href":"https:\/\/feuerwehr-holdorf.de\/index.php?rest_route=%2Fwp%2Fv2%2Fmedia&parent=149"}],"curies":[{"name":"wp","href":"https:\/\/api.w.org\/{rel}","templated":true}]}}