{"id":181,"date":"2016-08-12T10:39:19","date_gmt":"2016-08-12T08:39:19","guid":{"rendered":"http:\/\/wp.feuerwehr-holdorf.de\/?page_id=181"},"modified":"2025-12-18T21:21:59","modified_gmt":"2025-12-18T20:21:59","slug":"einsaetze-ff-holdorf-2013","status":"publish","type":"page","link":"https:\/\/feuerwehr-holdorf.de\/?page_id=181","title":{"rendered":"Eins\u00e4tze FF Holdorf 2013"},"content":{"rendered":"\n<table id=\"tablepress-4\" class=\"tablepress tablepress-id-4\">\n<thead>\n<tr class=\"row-1\">\n\t<th class=\"column-1\">Nr.<\/th><th class=\"column-2\">Datum<\/th><th class=\"column-3\">Zeit<\/th><th class=\"column-4\">Art<\/th><th class=\"column-5\">Einsatz<\/th>\n<\/tr>\n<\/thead>\n<tbody class=\"row-striping row-hover\">\n<tr class=\"row-2\">\n\t<td class=\"column-1\">1<\/td><td class=\"column-2\">11.01.2013<\/td><td class=\"column-3\">12:15<\/td><td class=\"column-4\">TH<\/td><td class=\"column-5\">\u00d6lfilm auf M\u00fchlenbach<\/td>\n<\/tr>\n<tr class=\"row-3\">\n\t<td class=\"column-1\">2<\/td><td class=\"column-2\">14.01.2013<\/td><td class=\"column-3\">15:30<\/td><td class=\"column-4\">TH<\/td><td class=\"column-5\">Kontrolle \u00d6lsperren \/ Einsatz von Bindemittel , M\u00fchlenbach<\/td>\n<\/tr>\n<tr class=\"row-4\">\n\t<td class=\"column-1\">3<\/td><td class=\"column-2\">17.01.2013<\/td><td class=\"column-3\">08:50<\/td><td class=\"column-4\">TH<\/td><td class=\"column-5\">Gasaustritt, Gro\u00dfe Strasse<\/td>\n<\/tr>\n<tr class=\"row-5\">\n\t<td class=\"column-1\">4<\/td><td class=\"column-2\">28.01.2013<\/td><td class=\"column-3\">23:00<\/td><td class=\"column-4\">Brand<\/td><td class=\"column-5\">Gartenzaunbrand, Dersastrasse\/Gr\u00fcner Weg<\/td>\n<\/tr>\n<tr class=\"row-6\">\n\t<td class=\"column-1\">5<\/td><td class=\"column-2\">29.01.2013<\/td><td class=\"column-3\">12:15<\/td><td class=\"column-4\">Fehl<\/td><td class=\"column-5\">gemeldeter LKW-Brand, A1 Rtg. OS<\/td>\n<\/tr>\n<tr class=\"row-7\">\n\t<td class=\"column-1\">6<\/td><td class=\"column-2\">29.01.2013<\/td><td class=\"column-3\">19:50<\/td><td class=\"column-4\">TH<\/td><td class=\"column-5\">Personensuche, Handorf-Langenberg<\/td>\n<\/tr>\n<tr class=\"row-8\">\n\t<td class=\"column-1\">7<\/td><td class=\"column-2\">04.02.2013<\/td><td class=\"column-3\">21:19<\/td><td class=\"column-4\">Fehl<\/td><td class=\"column-5\">Brandmeldeanlage, Industriegebiet<\/td>\n<\/tr>\n<tr class=\"row-9\">\n\t<td class=\"column-1\">8<\/td><td class=\"column-2\">13.02.2013<\/td><td class=\"column-3\">05:10<\/td><td class=\"column-4\">Brand<\/td><td class=\"column-5\">Schuppen- \/ Wohnhausbrand, Rosenstrasse<\/td>\n<\/tr>\n<tr class=\"row-10\">\n\t<td class=\"column-1\">9<\/td><td class=\"column-2\">18.02.2013<\/td><td class=\"column-3\">10:07<\/td><td class=\"column-4\">TH<\/td><td class=\"column-5\">Verkehrsunfall mit eingeklemmter Person, A1 (KM 181, Rtg. HB)<\/td>\n<\/tr>\n<tr class=\"row-11\">\n\t<td class=\"column-1\">10<\/td><td class=\"column-2\">10.03.2013<\/td><td class=\"column-3\">07:30<\/td><td class=\"column-4\">TH<\/td><td class=\"column-5\">Keller unter Wasser, Gr\u00fcner Weg<\/td>\n<\/tr>\n<tr class=\"row-12\">\n\t<td class=\"column-1\">11<\/td><td class=\"column-2\">18.03.2013<\/td><td class=\"column-3\">00:39<\/td><td class=\"column-4\">Brand<\/td><td class=\"column-5\">Strohballenbrand, Scharbrink<\/td>\n<\/tr>\n<tr class=\"row-13\">\n\t<td class=\"column-1\">12<\/td><td class=\"column-2\">18.03.2013<\/td><td class=\"column-3\">12:00<\/td><td class=\"column-4\">Brand<\/td><td class=\"column-5\">Nachl\u00f6scharbeiten, Strohbrand Scharbrink<\/td>\n<\/tr>\n<tr class=\"row-14\">\n\t<td class=\"column-1\">13<\/td><td class=\"column-2\">30.03.2013<\/td><td class=\"column-3\">01:00<\/td><td class=\"column-4\">Fehl<\/td><td class=\"column-5\">Brandmeldeanlage, Industriegebiet<\/td>\n<\/tr>\n<tr class=\"row-15\">\n\t<td class=\"column-1\">14<\/td><td class=\"column-2\">05.04.2013<\/td><td class=\"column-3\">08:43<\/td><td class=\"column-4\">TH<\/td><td class=\"column-5\">Betriebsstoffe aufnehmen nach Verkehrsunfall, Ihorst<\/td>\n<\/tr>\n<tr class=\"row-16\">\n\t<td class=\"column-1\">15<\/td><td class=\"column-2\">22.04.2013<\/td><td class=\"column-3\">14:54<\/td><td class=\"column-4\">TH<\/td><td class=\"column-5\">Verkehrsunfall mit eingeklemmter Person, BAB1, KM198, Rtg. OS<\/td>\n<\/tr>\n<tr class=\"row-17\">\n\t<td class=\"column-1\">16<\/td><td class=\"column-2\">30.04.2013<\/td><td class=\"column-3\">18:12<\/td><td class=\"column-4\">TH<\/td><td class=\"column-5\">Baum auf Fahrbahn, Osterort<\/td>\n<\/tr>\n<tr class=\"row-18\">\n\t<td class=\"column-1\">17<\/td><td class=\"column-2\">14.05.2013<\/td><td class=\"column-3\">18:53<\/td><td class=\"column-4\">TH<\/td><td class=\"column-5\">Verkehrsunfall mit eingeklemmter Person, PKW vor Zug, M\u00fchlenbachstrasse<\/td>\n<\/tr>\n<tr class=\"row-19\">\n\t<td class=\"column-1\">18<\/td><td class=\"column-2\">21.05.2013<\/td><td class=\"column-3\">06:51<\/td><td class=\"column-4\">TH<\/td><td class=\"column-5\">Gefahrgutunfall BAB1 Rtg. Bremen<\/td>\n<\/tr>\n<tr class=\"row-20\">\n\t<td class=\"column-1\">19<\/td><td class=\"column-2\">08.06.2013<\/td><td class=\"column-3\">22:06<\/td><td class=\"column-4\">TH<\/td><td class=\"column-5\">Verunreinigung M\u00fchlenbach<\/td>\n<\/tr>\n<tr class=\"row-21\">\n\t<td class=\"column-1\">20<\/td><td class=\"column-2\">11.06.2013<\/td><td class=\"column-3\">12:25<\/td><td class=\"column-4\">TH<\/td><td class=\"column-5\">LKW-Unfall A1, Rtg. OS<\/td>\n<\/tr>\n<tr class=\"row-22\">\n\t<td class=\"column-1\">21<\/td><td class=\"column-2\">12.06.13- 15.06.13<\/td><td class=\"column-3\">06:30<\/td><td class=\"column-4\">TH<\/td><td class=\"column-5\">Einsatz Kreisfeuerwehrbereitschaft, Elbe Hochwasser, L\u00fcchow-Dannenberg<\/td>\n<\/tr>\n<tr class=\"row-23\">\n\t<td class=\"column-1\">22<\/td><td class=\"column-2\">15.06.13.<\/td><td class=\"column-3\">13:41<\/td><td class=\"column-4\">TH<\/td><td class=\"column-5\">Baum auf Fahrbahn, Steinfelder Damm<\/td>\n<\/tr>\n<tr class=\"row-24\">\n\t<td class=\"column-1\">23<\/td><td class=\"column-2\">20.06.2013<\/td><td class=\"column-3\">23:09<\/td><td class=\"column-4\">TH<\/td><td class=\"column-5\">Baum auf Fahrbahn \/ PKW, Zum Heidesee<\/td>\n<\/tr>\n<tr class=\"row-25\">\n\t<td class=\"column-1\">24<\/td><td class=\"column-2\">07.07.2013<\/td><td class=\"column-3\">22:26<\/td><td class=\"column-4\">TH<\/td><td class=\"column-5\">Dieselaustritt, Dammer Strasse<\/td>\n<\/tr>\n<tr class=\"row-26\">\n\t<td class=\"column-1\">25<\/td><td class=\"column-2\">14.07.2013<\/td><td class=\"column-3\">20:00<\/td><td class=\"column-4\">TH<\/td><td class=\"column-5\">mehrere Wespennester umgesiedelt<\/td>\n<\/tr>\n<tr class=\"row-27\">\n\t<td class=\"column-1\">26<\/td><td class=\"column-2\">16.07.2013<\/td><td class=\"column-3\">11:21<\/td><td class=\"column-4\">TH<\/td><td class=\"column-5\">\u00d6lspur, Am Vo\u00dfberg \/ Industriestrasse<\/td>\n<\/tr>\n<tr class=\"row-28\">\n\t<td class=\"column-1\">27<\/td><td class=\"column-2\">20.07.2013<\/td><td class=\"column-3\">17:30<\/td><td class=\"column-4\">TH<\/td><td class=\"column-5\">Absicherung Volkslauf Langenberg<\/td>\n<\/tr>\n<tr class=\"row-29\">\n\t<td class=\"column-1\">28<\/td><td class=\"column-2\">20.07.2013<\/td><td class=\"column-3\">20:58<\/td><td class=\"column-4\">Brand<\/td><td class=\"column-5\">PKW-Brand, BAB1, KM 191,5<\/td>\n<\/tr>\n<tr class=\"row-30\">\n\t<td class=\"column-1\">29<\/td><td class=\"column-2\">27.07.2013<\/td><td class=\"column-3\">14:01<\/td><td class=\"column-4\">Brand<\/td><td class=\"column-5\">PKW-Brand, BAB1, Parkplatz KM197<\/td>\n<\/tr>\n<tr class=\"row-31\">\n\t<td class=\"column-1\">30<\/td><td class=\"column-2\">01.08.2013<\/td><td class=\"column-3\">20:23<\/td><td class=\"column-4\">TH<\/td><td class=\"column-5\">Keller unter Wasser, Ostring<\/td>\n<\/tr>\n<tr class=\"row-32\">\n\t<td class=\"column-1\">31<\/td><td class=\"column-2\">02.08.2013<\/td><td class=\"column-3\">19:02<\/td><td class=\"column-4\">TH<\/td><td class=\"column-5\">Menschenrettung nach Badeunfall, Heidesee<\/td>\n<\/tr>\n<tr class=\"row-33\">\n\t<td class=\"column-1\">32<\/td><td class=\"column-2\">06.08.2013<\/td><td class=\"column-3\">09:14<\/td><td class=\"column-4\">Brand<\/td><td class=\"column-5\">Brand eines Fernsehers, Steinfelder Str.<\/td>\n<\/tr>\n<tr class=\"row-34\">\n\t<td class=\"column-1\">33<\/td><td class=\"column-2\">09.08.2013<\/td><td class=\"column-3\">19:30<\/td><td class=\"column-4\">TH<\/td><td class=\"column-5\">Wespennest umgesiedelt<\/td>\n<\/tr>\n<tr class=\"row-35\">\n\t<td class=\"column-1\">34<\/td><td class=\"column-2\">11.08.2013<\/td><td class=\"column-3\">21:28<\/td><td class=\"column-4\">TH<\/td><td class=\"column-5\">Amtshilfe Polizei, Heideweg<\/td>\n<\/tr>\n<tr class=\"row-36\">\n\t<td class=\"column-1\">35<\/td><td class=\"column-2\">14.08.2013<\/td><td class=\"column-3\">16:51<\/td><td class=\"column-4\">TH<\/td><td class=\"column-5\">Betriebsstoffe aufnehmen nach VU, B214<\/td>\n<\/tr>\n<tr class=\"row-37\">\n\t<td class=\"column-1\">36<\/td><td class=\"column-2\">16.08.2013<\/td><td class=\"column-3\">02:25<\/td><td class=\"column-4\">Fehl<\/td><td class=\"column-5\">Brandmeldeanlage, Industriegebiet<\/td>\n<\/tr>\n<tr class=\"row-38\">\n\t<td class=\"column-1\">37<\/td><td class=\"column-2\">24.08.2013<\/td><td class=\"column-3\">18:00<\/td><td class=\"column-4\">TH<\/td><td class=\"column-5\">Brandwache, Konzert am See<\/td>\n<\/tr>\n<tr class=\"row-39\">\n\t<td class=\"column-1\">38<\/td><td class=\"column-2\">25.08.2013<\/td><td class=\"column-3\">14:01<\/td><td class=\"column-4\">Brand<\/td><td class=\"column-5\">Komposthaufenbrand, Lindenstrasse<\/td>\n<\/tr>\n<tr class=\"row-40\">\n\t<td class=\"column-1\">39<\/td><td class=\"column-2\">30.08.2013<\/td><td class=\"column-3\">07:54<\/td><td class=\"column-4\">Brand<\/td><td class=\"column-5\">PKW-Brand BAB1, KM 200, Rtg. OS<\/td>\n<\/tr>\n<tr class=\"row-41\">\n\t<td class=\"column-1\">40<\/td><td class=\"column-2\">30.08.2013<\/td><td class=\"column-3\">17:05<\/td><td class=\"column-4\">TH<\/td><td class=\"column-5\">\u00d6lspur, Dammer Strasse<\/td>\n<\/tr>\n<tr class=\"row-42\">\n\t<td class=\"column-1\">41<\/td><td class=\"column-2\">31.08.13\/ 01.09.13<\/td><td class=\"column-3\">10:30<\/td><td class=\"column-4\">TH<\/td><td class=\"column-5\">\u00dcbung der Kreisfeuerwehrbereitschaft des LK Vechta in Rodewald, LK Nienburg<\/td>\n<\/tr>\n<tr class=\"row-43\">\n\t<td class=\"column-1\">42<\/td><td class=\"column-2\">07.09.2013<\/td><td class=\"column-3\">19:45<\/td><td class=\"column-4\">TH<\/td><td class=\"column-5\">Wespennest umgesiedelt, Lerchenstrasse<\/td>\n<\/tr>\n<tr class=\"row-44\">\n\t<td class=\"column-1\">43<\/td><td class=\"column-2\">08.09.2013<\/td><td class=\"column-3\">10:30<\/td><td class=\"column-4\">TH<\/td><td class=\"column-5\">Amtshilfe Gemeinde, OM-Familientag<\/td>\n<\/tr>\n<tr class=\"row-45\">\n\t<td class=\"column-1\">44<\/td><td class=\"column-2\">28.09.2013<\/td><td class=\"column-3\">14:00<\/td><td class=\"column-4\">Brand<\/td><td class=\"column-5\">\u00dcbung Gro\u00dfbrand Stallgeb\u00e4ude, Handorf<\/td>\n<\/tr>\n<tr class=\"row-46\">\n\t<td class=\"column-1\">45<\/td><td class=\"column-2\">10.10.2013<\/td><td class=\"column-3\">21:10<\/td><td class=\"column-4\">Fehl<\/td><td class=\"column-5\">Brandmeldeanlage, In den Wiesen<\/td>\n<\/tr>\n<tr class=\"row-47\">\n\t<td class=\"column-1\">46<\/td><td class=\"column-2\">10.10.2013<\/td><td class=\"column-3\">23:06<\/td><td class=\"column-4\">Fehl<\/td><td class=\"column-5\">Brandmeldeanlage, In den Wiesen<\/td>\n<\/tr>\n<tr class=\"row-48\">\n\t<td class=\"column-1\">47<\/td><td class=\"column-2\">11.10.2013<\/td><td class=\"column-3\">02:37<\/td><td class=\"column-4\">Fehl<\/td><td class=\"column-5\">Brandmeldeanlage, In den Wiesen<\/td>\n<\/tr>\n<tr class=\"row-49\">\n\t<td class=\"column-1\">48<\/td><td class=\"column-2\">22.10.2013<\/td><td class=\"column-3\">19:01<\/td><td class=\"column-4\">TH<\/td><td class=\"column-5\">\u00dcbung Gefahrgutunfall, Industriegebiet<\/td>\n<\/tr>\n<tr class=\"row-50\">\n\t<td class=\"column-1\">49<\/td><td class=\"column-2\">28.10.2013<\/td><td class=\"column-3\">12:26<\/td><td class=\"column-4\">TH<\/td><td class=\"column-5\">Baum auf Fahrbahn, Gro\u00dfe Strasse<\/td>\n<\/tr>\n<tr class=\"row-51\">\n\t<td class=\"column-1\">50<\/td><td class=\"column-2\">28.10.2013<\/td><td class=\"column-3\">13:06<\/td><td class=\"column-4\">TH<\/td><td class=\"column-5\">Baum auf Fahrbahn, Im Himmelreich \/ Am Sch\u00fctzenplatz<\/td>\n<\/tr>\n<tr class=\"row-52\">\n\t<td class=\"column-1\">51<\/td><td class=\"column-2\">28.10.2013<\/td><td class=\"column-3\">13:35<\/td><td class=\"column-4\">TH<\/td><td class=\"column-5\">Baum auf Fahrbahn, Ihorst<\/td>\n<\/tr>\n<tr class=\"row-53\">\n\t<td class=\"column-1\">52<\/td><td class=\"column-2\">28.10.2013<\/td><td class=\"column-3\">14:30<\/td><td class=\"column-4\">TH<\/td><td class=\"column-5\">Baum auf Fahrbahn, Scharbrink<\/td>\n<\/tr>\n<tr class=\"row-54\">\n\t<td class=\"column-1\">53<\/td><td class=\"column-2\">28.10.2013<\/td><td class=\"column-3\">15:08<\/td><td class=\"column-4\">TH<\/td><td class=\"column-5\">Sturmschaden \/ Sicherung Tankstellendach, Zum Hansacenter<\/td>\n<\/tr>\n<tr class=\"row-55\">\n\t<td class=\"column-1\">54<\/td><td class=\"column-2\">04.11.2013<\/td><td class=\"column-3\">05:09<\/td><td class=\"column-4\">Brand<\/td><td class=\"column-5\">LKW-Brand mit Gefahrgut, BAB1 KM199 Rtg. OS<\/td>\n<\/tr>\n<tr class=\"row-56\">\n\t<td class=\"column-1\">55<\/td><td class=\"column-2\">04.11.2013<\/td><td class=\"column-3\">18:00<\/td><td class=\"column-4\">TH<\/td><td class=\"column-5\">Absichern Laternenumzug (Kirmes)<\/td>\n<\/tr>\n<tr class=\"row-57\">\n\t<td class=\"column-1\">56<\/td><td class=\"column-2\">11.11.2013<\/td><td class=\"column-3\">17:41<\/td><td class=\"column-4\">Brand<\/td><td class=\"column-5\">Silobrand, Industriegebiet Steinfeld<\/td>\n<\/tr>\n<tr class=\"row-58\">\n\t<td class=\"column-1\">57<\/td><td class=\"column-2\">11.11.2013<\/td><td class=\"column-3\">18:29<\/td><td class=\"column-4\">Brand<\/td><td class=\"column-5\">Wohnhausbrand, Am Dorfplatz (Fladderlohausen)<\/td>\n<\/tr>\n<tr class=\"row-59\">\n\t<td class=\"column-1\">58<\/td><td class=\"column-2\">17.11.2013<\/td><td class=\"column-3\">17:00<\/td><td class=\"column-4\">TH<\/td><td class=\"column-5\">Absichern Martinsumzug Holdorf<\/td>\n<\/tr>\n<tr class=\"row-60\">\n\t<td class=\"column-1\">59<\/td><td class=\"column-2\">22.11.2013<\/td><td class=\"column-3\">11:00<\/td><td class=\"column-4\">TH<\/td><td class=\"column-5\">Beseitigung einer kleinen \u00d6lspur, Lagerweg<\/td>\n<\/tr>\n<tr class=\"row-61\">\n\t<td class=\"column-1\">60<\/td><td class=\"column-2\">25.11.2013<\/td><td class=\"column-3\">06:05<\/td><td class=\"column-4\">TH<\/td><td class=\"column-5\">Verkehrsunfall mit eingeklemmter Person, Ihorst B214<\/td>\n<\/tr>\n<tr class=\"row-62\">\n\t<td class=\"column-1\">61<\/td><td class=\"column-2\">08.12.2013<\/td><td class=\"column-3\">09:56<\/td><td class=\"column-4\">Fehl<\/td><td class=\"column-5\">Brandmeldeanlage, Industriegebiet<\/td>\n<\/tr>\n<tr class=\"row-63\">\n\t<td class=\"column-1\">62<\/td><td class=\"column-2\">14.12.2013<\/td><td class=\"column-3\">07:51<\/td><td class=\"column-4\">TH<\/td><td class=\"column-5\">Betriebsstoffe aufnehmen, B214 (Auffahrt A1)<\/td>\n<\/tr>\n<tr class=\"row-64\">\n\t<td class=\"column-1\">63<\/td><td class=\"column-2\">17.12.2013<\/td><td class=\"column-3\">08:59<\/td><td class=\"column-4\">TH<\/td><td class=\"column-5\">Gasgeruch, Industriegebiet<\/td>\n<\/tr>\n<tr class=\"row-65\">\n\t<td class=\"column-1\">64<\/td><td class=\"column-2\">20.12.2013<\/td><td class=\"column-3\">17:26<\/td><td class=\"column-4\">TH<\/td><td class=\"column-5\">gemeldeter VU mit eingeklemmter Person, A1 Rtg. HB, kein Eingreifen erforderlich<\/td>\n<\/tr>\n<tr class=\"row-66\">\n\t<td class=\"column-1\">65<\/td><td class=\"column-2\">22.12.2013<\/td><td class=\"column-3\">22:11<\/td><td class=\"column-4\">TH<\/td><td class=\"column-5\">\u00d6lspurbeseitigung, Gro\u00dfe Stra\u00dfe<\/td>\n<\/tr>\n<tr class=\"row-67\">\n\t<td class=\"column-1\">66<\/td><td class=\"column-2\">31.12.2013<\/td><td class=\"column-3\">17:20<\/td><td class=\"column-4\">Brand<\/td><td class=\"column-5\">M\u00fclltonnenbrand, M\u00fchlenbachstrasse<\/td>\n<\/tr>\n<tr class=\"row-68\">\n\t<td class=\"column-1\">67<\/td><td class=\"column-2\">31.12.2013<\/td><td class=\"column-3\">23:32<\/td><td class=\"column-4\">Brand<\/td><td class=\"column-5\">Heckenbrand, Brinkstrasse<\/td>\n<\/tr>\n<\/tbody>\n<\/table>\n<!-- #tablepress-4 from cache -->\n<p>&nbsp;<\/p>\n<p><em><strong>Erkl\u00e4rung:<br \/>\n<\/strong><\/em>BSW = Brandsicherheitswache<br \/>\nBrand = Brandeinsatz<br \/>\nTH = technische Hilfeleistung<br \/>\nFehl = Fehlalarm<br \/>\nKFB = Einsatz mit der Kreisfeuerwehrbereitschaft<br \/>\nMANV = Massenanfall von Veletzten<\/p>\n","protected":false},"excerpt":{"rendered":"<p>&nbsp; Erkl\u00e4rung: BSW = Brandsicherheitswache Brand = Brandeinsatz TH = technische Hilfeleistung Fehl = Fehlalarm KFB = Einsatz mit der Kreisfeuerwehrbereitschaft MANV = Massenanfall von Veletzten<\/p>\n","protected":false},"author":2,"featured_media":0,"parent":5399,"menu_order":0,"comment_status":"closed","ping_status":"closed","template":"","meta":{"ngg_post_thumbnail":0,"footnotes":""},"class_list":["post-181","page","type-page","status-publish","hentry"],"_links":{"self":[{"href":"https:\/\/feuerwehr-holdorf.de\/index.php?rest_route=\/wp\/v2\/pages\/181","targetHints":{"allow":["GET"]}}],"collection":[{"href":"https:\/\/feuerwehr-holdorf.de\/index.php?rest_route=\/wp\/v2\/pages"}],"about":[{"href":"https:\/\/feuerwehr-holdorf.de\/index.php?rest_route=\/wp\/v2\/types\/page"}],"author":[{"embeddable":true,"href":"https:\/\/feuerwehr-holdorf.de\/index.php?rest_route=\/wp\/v2\/users\/2"}],"replies":[{"embeddable":true,"href":"https:\/\/feuerwehr-holdorf.de\/index.php?rest_route=%2Fwp%2Fv2%2Fcomments&post=181"}],"version-history":[{"count":4,"href":"https:\/\/feuerwehr-holdorf.de\/index.php?rest_route=\/wp\/v2\/pages\/181\/revisions"}],"predecessor-version":[{"id":4099,"href":"https:\/\/feuerwehr-holdorf.de\/index.php?rest_route=\/wp\/v2\/pages\/181\/revisions\/4099"}],"up":[{"embeddable":true,"href":"https:\/\/feuerwehr-holdorf.de\/index.php?rest_route=\/wp\/v2\/pages\/5399"}],"wp:attachment":[{"href":"https:\/\/feuerwehr-holdorf.de\/index.php?rest_route=%2Fwp%2Fv2%2Fmedia&parent=181"}],"curies":[{"name":"wp","href":"https:\/\/api.w.org\/{rel}","templated":true}]}}