{"id":244,"date":"2016-08-12T11:59:41","date_gmt":"2016-08-12T09:59:41","guid":{"rendered":"http:\/\/wp.feuerwehr-holdorf.de\/?page_id=244"},"modified":"2019-12-31T17:14:36","modified_gmt":"2019-12-31T16:14:36","slug":"rauchmelder","status":"publish","type":"page","link":"https:\/\/feuerwehr-holdorf.de\/?page_id=244","title":{"rendered":"Rauchmelder"},"content":{"rendered":"<p><img loading=\"lazy\" decoding=\"async\" class=\"aligncenter size-medium wp-image-250\" src=\"http:\/\/wp.feuerwehr-holdorf.de\/wp-content\/uploads\/2016\/08\/Rauchmelder_retten_leben-300x186.png\" alt=\"Rauchmelder_retten_leben\" width=\"300\" height=\"186\" srcset=\"https:\/\/feuerwehr-holdorf.de\/wp-content\/uploads\/2016\/08\/Rauchmelder_retten_leben-300x186.png 300w, https:\/\/feuerwehr-holdorf.de\/wp-content\/uploads\/2016\/08\/Rauchmelder_retten_leben.png 437w\" sizes=\"auto, (max-width: 300px) 100vw, 300px\" \/><\/p>\n<p style=\"text-align: center;\">&#8230; und dieser Satz wird immer wieder aufs neue best\u00e4tigt!<\/p>\n<p style=\"text-align: center;\">Die Menschen, die j\u00e4hrlich in Deutschland bei einem Wohnungsbrand umkommen, ersticken in der Regel am gef\u00e4hrlichen Brandrauch. Durch einen Rauchmelder wird diese Gefahr schnell signalisiert und es bleibt meistens gen\u00fcgend Zeit, sich ins freie zu retten!<\/p>\n<p style=\"text-align: center;\"><strong>Daher: Installieren Sie Rauchmelder!<br \/>\nRauchmelder sind Pflicht!<br \/>\n<\/strong><\/p>\n<p style=\"text-align: center;\">Weitere Informationen erhalten Sie im folgenden Video oder auf den Internetseiten <a href=\"https:\/\/www.rauchmelder-lebensretter.de\/\" target=\"_blank\" rel=\"noopener noreferrer\">www.rauchmelder-lebensretter.de<\/a> oder <a href=\"https:\/\/www.rauchmelder.de\/\" target=\"_blank\" rel=\"noopener noreferrer\">www.rauchmelder.de<\/a>!<\/p>\n<p><iframe loading=\"lazy\" src=\"\/\/www.youtube.com\/embed\/COooptA4K50\" allowfullscreen=\"allowfullscreen\" width=\"560\" height=\"314\"><\/iframe><\/p>\n<p>Video der Provinzial zum Thema &#8222;Lebensretter Rauchmelder&#8220;<\/p>\n","protected":false},"excerpt":{"rendered":"<p>&#8230; und dieser Satz wird immer wieder aufs neue best\u00e4tigt! Die Menschen, die j\u00e4hrlich in Deutschland bei einem Wohnungsbrand umkommen, ersticken in der Regel am gef\u00e4hrlichen Brandrauch. Durch einen Rauchmelder wird diese Gefahr schnell signalisiert und es bleibt meistens gen\u00fcgend<\/p>\n","protected":false},"author":2,"featured_media":0,"parent":242,"menu_order":0,"comment_status":"closed","ping_status":"closed","template":"","meta":{"ngg_post_thumbnail":0,"footnotes":""},"class_list":["post-244","page","type-page","status-publish","hentry"],"_links":{"self":[{"href":"https:\/\/feuerwehr-holdorf.de\/index.php?rest_route=\/wp\/v2\/pages\/244","targetHints":{"allow":["GET"]}}],"collection":[{"href":"https:\/\/feuerwehr-holdorf.de\/index.php?rest_route=\/wp\/v2\/pages"}],"about":[{"href":"https:\/\/feuerwehr-holdorf.de\/index.php?rest_route=\/wp\/v2\/types\/page"}],"author":[{"embeddable":true,"href":"https:\/\/feuerwehr-holdorf.de\/index.php?rest_route=\/wp\/v2\/users\/2"}],"replies":[{"embeddable":true,"href":"https:\/\/feuerwehr-holdorf.de\/index.php?rest_route=%2Fwp%2Fv2%2Fcomments&post=244"}],"version-history":[{"count":3,"href":"https:\/\/feuerwehr-holdorf.de\/index.php?rest_route=\/wp\/v2\/pages\/244\/revisions"}],"predecessor-version":[{"id":4111,"href":"https:\/\/feuerwehr-holdorf.de\/index.php?rest_route=\/wp\/v2\/pages\/244\/revisions\/4111"}],"up":[{"embeddable":true,"href":"https:\/\/feuerwehr-holdorf.de\/index.php?rest_route=\/wp\/v2\/pages\/242"}],"wp:attachment":[{"href":"https:\/\/feuerwehr-holdorf.de\/index.php?rest_route=%2Fwp%2Fv2%2Fmedia&parent=244"}],"curies":[{"name":"wp","href":"https:\/\/api.w.org\/{rel}","templated":true}]}}