{"id":63,"date":"2016-08-10T17:54:55","date_gmt":"2016-08-10T15:54:55","guid":{"rendered":"http:\/\/wp.feuerwehr-holdorf.de\/?page_id=63"},"modified":"2023-06-29T13:28:31","modified_gmt":"2023-06-29T11:28:31","slug":"jugendfeuerwehr","status":"publish","type":"page","link":"https:\/\/feuerwehr-holdorf.de\/?page_id=63","title":{"rendered":"Jugendfeuerwehr"},"content":{"rendered":"<p><img loading=\"lazy\" decoding=\"async\" class=\"aligncenter wp-image-6495 size-large\" src=\"https:\/\/feuerwehr-holdorf.de\/wp-content\/uploads\/2023\/06\/2023-05-26_JF-Holdorf_PZL-975x548.jpg\" alt=\"\" width=\"750\" height=\"422\" srcset=\"https:\/\/feuerwehr-holdorf.de\/wp-content\/uploads\/2023\/06\/2023-05-26_JF-Holdorf_PZL-975x548.jpg 975w, https:\/\/feuerwehr-holdorf.de\/wp-content\/uploads\/2023\/06\/2023-05-26_JF-Holdorf_PZL-300x169.jpg 300w, https:\/\/feuerwehr-holdorf.de\/wp-content\/uploads\/2023\/06\/2023-05-26_JF-Holdorf_PZL-768x431.jpg 768w, https:\/\/feuerwehr-holdorf.de\/wp-content\/uploads\/2023\/06\/2023-05-26_JF-Holdorf_PZL.jpg 1200w\" sizes=\"auto, (max-width: 750px) 100vw, 750px\" \/><\/p>\n<p style=\"text-align: center;\">Die Jugendfeuerwehr Holdorf besteht zur Zeit aus 28 Mitgliedern (Stand: 01.07.2023). Sie werden von insgesamt 8 Betreuern der Feuerwehr Holdorf bzw. Fladderlohausen ausgebildet. Unterschiedliche Dienste wie &#8222;dreiteiliger L\u00f6schangriff&#8220;, &#8222;Spielenachmittag&#8220; oder &#8222;\u00dcbernachten im Feuerwehrhaus&#8220; machen die Dienste vielf\u00e4ltig. Zudem finden immer wieder die Highlights &#8222;Zeltlager&#8220; oder auch mal eine Fahrt nach Rom mit der gesamten Kreisjugendfeuerwehr statt. Es wird bei uns also nie langweilig!<\/p>\n<p style=\"text-align: center;\">Die Hauptaufgabe der Betreuer ist es aber nat\u00fcrlich, die Jugendlichen f\u00fcr den sp\u00e4teren aktiven Dienst vorzubereiten. Ab 17 Jahren wechseln die Jugendlichen in den Paralleldienst, d. h. sie nehmen sowohl an den \u00fcblichen Diensten der Jugendfeuerwehr als auch an den Dienstabenden der aktiven Wehr teil. So werden die Mitglieder langsam an das Einsatzgeschehen herangef\u00fchrt. Ab 18 Jahren scheiden sie dann aus der Jugendfeuerwehr aus und wechseln komplett in die aktive Einsatzabteilung, wo sie dann auch die n\u00f6tigen Lehrg\u00e4nge besuchen.<\/p>\n<p style=\"text-align: center;\">Wenn mindestens in der 5. Klasse bist und auch du dabei sein m\u00f6chtest, melde dich doch bei einem der Jugendfeuerwehrwarte oder einem der Betreuer! <br \/>\nWir freuen uns immer \u00fcber neue Mitglieder! Die Kontaktinformationen findet ihr <a href=\"http:\/\/wp.feuerwehr-holdorf.de\/?page_id=235\">hier<\/a>!<\/p>\n<p><img loading=\"lazy\" decoding=\"async\" class=\"aligncenter size-full wp-image-3977\" src=\"https:\/\/feuerwehr-holdorf.de\/wp-content\/uploads\/2019\/11\/JFHoldorf_Leistungsspange_2019.jpg\" alt=\"\" width=\"750\" height=\"408\" srcset=\"https:\/\/feuerwehr-holdorf.de\/wp-content\/uploads\/2019\/11\/JFHoldorf_Leistungsspange_2019.jpg 750w, https:\/\/feuerwehr-holdorf.de\/wp-content\/uploads\/2019\/11\/JFHoldorf_Leistungsspange_2019-300x163.jpg 300w\" sizes=\"auto, (max-width: 750px) 100vw, 750px\" \/><\/p>\n","protected":false},"excerpt":{"rendered":"<p>Die Jugendfeuerwehr Holdorf besteht zur Zeit aus 28 Mitgliedern (Stand: 01.07.2023). Sie werden von insgesamt 8 Betreuern der Feuerwehr Holdorf bzw. Fladderlohausen ausgebildet. Unterschiedliche Dienste wie &#8222;dreiteiliger L\u00f6schangriff&#8220;, &#8222;Spielenachmittag&#8220; oder &#8222;\u00dcbernachten im Feuerwehrhaus&#8220; machen die Dienste vielf\u00e4ltig. Zudem finden immer<\/p>\n","protected":false},"author":2,"featured_media":0,"parent":0,"menu_order":0,"comment_status":"closed","ping_status":"closed","template":"","meta":{"ngg_post_thumbnail":0,"footnotes":""},"class_list":["post-63","page","type-page","status-publish","hentry"],"_links":{"self":[{"href":"https:\/\/feuerwehr-holdorf.de\/index.php?rest_route=\/wp\/v2\/pages\/63","targetHints":{"allow":["GET"]}}],"collection":[{"href":"https:\/\/feuerwehr-holdorf.de\/index.php?rest_route=\/wp\/v2\/pages"}],"about":[{"href":"https:\/\/feuerwehr-holdorf.de\/index.php?rest_route=\/wp\/v2\/types\/page"}],"author":[{"embeddable":true,"href":"https:\/\/feuerwehr-holdorf.de\/index.php?rest_route=\/wp\/v2\/users\/2"}],"replies":[{"embeddable":true,"href":"https:\/\/feuerwehr-holdorf.de\/index.php?rest_route=%2Fwp%2Fv2%2Fcomments&post=63"}],"version-history":[{"count":8,"href":"https:\/\/feuerwehr-holdorf.de\/index.php?rest_route=\/wp\/v2\/pages\/63\/revisions"}],"predecessor-version":[{"id":6496,"href":"https:\/\/feuerwehr-holdorf.de\/index.php?rest_route=\/wp\/v2\/pages\/63\/revisions\/6496"}],"wp:attachment":[{"href":"https:\/\/feuerwehr-holdorf.de\/index.php?rest_route=%2Fwp%2Fv2%2Fmedia&parent=63"}],"curies":[{"name":"wp","href":"https:\/\/api.w.org\/{rel}","templated":true}]}}